 3) - 1.
4
What is the value of 0 + (5 - 10) - -2?
-3
2 - (-3 - (2 - (-2 + 5)))
4
Evaluate 1 + -2 - (2 + 1) - -6.
2
Calculate 1 + -3 + 3 + 1.
2
What is the value of -40 - -46 - (0 + 1)?
5
Calculate 0 + 1 + (0 - 5).
-4
What is (-13 - -9) + 2 - (-2 - 3)?
3
What is the value of (7 - 9) + (1 - 3 - 2)?
-6
Evaluate 3 - 1 - (-2 + -7 + 16).
-5
4 + (-1 - 17) + 9
-5
What is -3 + 9 + -7 + -6?
-7
Evaluate (1 - 10) + -108 + 119.
2
Calculate 3 - ((-11 - -12) + 1 + -5).
6
-2 + 4 + 1 - 4
-1
Calculate -9 + (-7 - -18 - 4).
-2
What is the value of 0 + -1 + (2 - (8 + 2))?
-9
-3 + (5 - -2) + -5
-1
What is the value of 1 + -2 - (59 + -56)?
-4
What is 11 - (-6 - (1 + -24))?
-6
Calculate 5 + 5 + -5 - 3.
2
What is (-6 - -10) + -11 + -4 + 2?
-9
What is the value of (3 - (1 + -2)) + (-3 - 1)?
0
Evaluate -2 + -4 + 2 - (2 + -6).
0
What is 2 - (-4 - -4) - -1?
3
What is -1 + 5 + 0 + -7?
-3
-3 + (1 - (-3 - 1 - -2))
0
Calculate (3 - 8) + -1 - -10.
4
What is the value of (10 - 6) + -8 - -8?
4
What is (1 - 6) + -8 + 10 + -2?
-5
Calculate -5 + (-2 - 0 - (2 + -1)).
-8
Evaluate -3 + 3 - (6 - 0).
-6
What is -10 + 23 + -17 + (1 - 2)?
-5
5 + -8 + (12 - 4 - 5)
0
Evaluate (5 - 1) + -7 - (-5 - -2).
0
4 - 10 - (0 - (0 - -1))
-5
Calculate -3 - (-2 - (2 + -1) - 5).
5
What is 0 - (3 - -2 - 3)?
-2
What is 7 + -4 + (-1 - -2)?
4
What is the value of -7 - (-4 + -6) - 6 - -13?
10
What is the value of 5 + (3 + -2 - 4)?
2
0 + (2 - 13) + 20
9
-1 - -3 - (-2 + 16 + -9)
-3
What is the value of -10 + 1 + 20 + -4 + -10?
-3
Evaluate (-3 + 7 - -6) + -19.
-9
What is -7 + -5 + 7 + 2?
-3
What is the value of -7 - (1 + 5 - 5 - -2)?
-10
-6 - ((10 - 4) + -17)
5
What is the value of (-2 - -4) + 26 + -25?
3
Evaluate (-1 - -5) + (2 - 4) + -1.
1
(-13 + 20 - 0) + (1 - 3)
5
Evaluate (0 - (-2 - 0)) + -1 + -3.
-2
Evaluate -2 + (1 - -3) + (11 - 10).
3
116 - 111 - ((1 - 0) + 0)
4
Calculate (7 - 5 - 1 - 4) + -4.
-7
Calculate (-5 - 2) + -6 + 8.
-5
What is the value of 0 + -4 + (32 - 27)?
1
What is 9 + -1 + (6 - 9)?
5
What is the value of 2 + -3 + 3 + -4 + -2?
-4
What is the value of (3 - -1) + (9 + -4 - 6)?
3
What is -113 + 120 - (1 + 5)?
1
-10 + -5 - -2 - (-8 + 1)
-6
What is the value of 14 - (5 - -4) - (2 + -4)?
7
Calculate -23 - -37 - (7 - -1).
6
Calculate -3 - ((5 - 0) + -5) - 0.
-3
What is the value of 3 + (-3 - (2 - 9)) - 4?
3
Calculate 5 + -2 - (24 + -21).
0
Calculate (-7 + 3 - (0 + 0)) + 7.
3
Calculate -5 - 1 - (17 + 23 + -39).
-7
Calculate (3 - 1) + -6 + -15 + 14.
-5
What is -1 + -4 - (1 - (9 + -3))?
0
Evaluate (-1 - 2 - 0) + 0 + 3.
0
What is the value of 2 + 2 - (2 - 0)?
2
Calculate 3 + -9 + 4 + 2 + 0.
0
Calculate (9 - -1) + -30 + 19.
-1
0 - 7 - (-5 + 5 + -5)
-2
Evaluate 0 + (-5 - (-2 + 5)) + 2.
-6
Calculate -5 + (-4 - -9) + (1 - 3).
-2
Evaluate -2 - -2 - -3 - (-16 - -23).
-4
What is the value of 1 - (5 - (-4 - -8))?
0
Calculate -2 + -4 + 3 + -1.
-4
Evaluate 1 - 11 - (-20 + 12 + 2).
-4
What is the value of -5 + 13 + -7 + 0 + 0?
1
What is the value of -4 + (15 - 3) + -1?
7
Calculate (24 - 8) + (-11 - -1).
6
What is -4 - (-4 + 1) - -2?
1
What is the value of (-3 - (0 - 2)) + -5 + 5?
-1
What is the value of (-3 - -1 - -10) + (-1 - 3)?
4
-5 + (8 - 6) - -2
-1
Calculate (5 + -3 - (-1 + 3)) + -1.
-1
What is 11 + -8 + (-1 - 10)?
-8
Calculate 0 + 3 - (-17 + 15).
5
What is the value of 6 + 2 - 11 - -12?
9
What is (-3 - -5 - 5) + (-25 - -30)?
2
0 + -2 + 34 + -27 - 10
-5
Evaluate 3 - (1 + 5 - 9).
6
What is the value of 4 + 0 + (-3 - 2)?
-1
Calculate -3 + -1 + 6 + -4.
-2
Evaluate -3 + (1 - -5) + -3 + 4.
4
Calculate (-1 - 9) + 3 + 3.
-4
What is (-17 - -17) + -8 + 2?
-6
3 - (-3 - -5) - -4
5
What is (8 - (0 + 3)) + 0?
5
Evaluate 3 - (0 + 1) - (-3 + 10).
-5
What is the value of (6 - 8) + -1 + 2?
-1
Calculate (0 - 1 - (0 - -4)) + 0.
-5
What is -3 + (-31 + 26 - (0 + -2))?
-6
Evaluate -7 + 2 + 5 + -24 + 22.
-2
What is 4 - (3 + -7 + (1 - -1))?
6
What is -8 - (-7 + 7) - -12?
4
-49 + 47 - (0 + -10)
8
Evaluate 5 + (-4 - ((-9 - -6) + 11)).
-7
What is the value of (5 + -19 - -7) + 2?
-5
-4 + -4 + (10 - 5) + 4
1
0 - (-4 + 6 + 0 + -2)
0
4 + (-14 + 5 - 0)
-5
-33 + 30 - (0 + 0)
-3
Calculate -5 + (-1 - 3) + 4 + -1.
-6
Evaluate -10 - (-7 + (-2 - 7)).
6
Evaluate 11 - (-12 + 28) - -1.
-4
Calculate 1 + -4 - (0 + (-4 - -5)).
-4
-2 - (-5 + -1) - (1 + -3)
6
0 - (-7 - (-10 - -8))
5
-5 - (5 - (-9 - -14))
-5
6 + -4 + 3 - (1 - 1)
5
Evaluate 0 + ((-4 - -4) + 9 - 5).
4
What is 5 + -7 + 1 - -4?
3
What is the value of 7 + -4 + 26 + -36?
-7
Evaluate -5 + (7 - (-2 + 3)).
1
Calculate (-1 - 1 - -1) + (-30 - -28).
-3
What is the value of (14 - ((-3 - -6) + 2)) + -2?
7
What is (-9 - -5) + 8 - 5?
-1
-5 + 1 - (-12 - -2 - -3)
3
Calculate 1 + 2 + 0 + -10 - -3.
-4
What is the value of (-18 - -15) + -3 + -2?
-8
Calculate 5 - (0 + 2 - (-9 - -10)).
4
What is 4 - 2 - (7 + (4 - 4))?
-5
What is the value of -5 + 3 + (5 - 4)?
-1
Calculate 41 + -43 + 2 + 4.
4
What is 10 + (7 - 9 - 7)?
1
What is 6 + (-2 - 3 - -1)?
2
What is the value of -4 - 0 - 3 - -2?
-5
Calculate 0 + 2 - (26 + -21).
-3
(4 - -3) + -3 + -5 + 3
2
Evaluate -3 - (5 + -11) - (2 + 1).
0
Calculate 6 + -8 + 1 + 4.
3
Evaluate 13 + -12 - (-8 - -4).
5
What is 0 - (5 + (1 - 4))?
-2
0 - (3 - (-3 - -4))
-2
What is -6 + (3 - -2) + -2?
-3
Evaluate (-3 + -3 - -3) + 8.
5
7 - ((-6 - (-1 - -1)) + 5)
8
What is the value of 2 + 1 + -4 + -3 + 6?
2
What is the value of 4 + -1 + 1 + 139 + -144?
-1
Evaluate 6 + -1 - (-12 - -17 - 2).
2
Evaluate 6 + -17 - (-5 - 1).
-5
Evaluate (4 - (-4 + (4 - -8))) + 8.
4
-6 + -1 - (17 + (17 - 35))
-6
Calculate 120 + -126 - (-1 + 1 - 1).
-5
Evaluate 2 - (4 + 1 + 7 + -6).
-4
Calculate 13 + -2 + -6 - (1 - -7).
-3
Calculate (-2 - -9) + (-11 - -3).
-1
What is the value of (5 - -1) + (-2 - (3 + -5))?
6
Evaluate (2 - (3 - 1)) + (-2 - 2).
-4
What is the value of 3 + 5 + (-10 - -3)?
1
Evaluate (-1 - (-2 + 0)) + (-7 - -8).
2
What is the value of -3 + -3 + (6 - 1)?
-1
What is 1 - (6 + 2 + 5 + -9)?
-3
What is the value of (-3 - 5) + (-18 - -16)?
-10
Evaluate (-4 - -10) + -3 + 7 + -4.
6
Evaluate -2 + (-7 - -4) - 1.
-6
Evaluate (1 + 1 - 2) + (5 - 8).
-3
What is 4 + -6 + (4 - 4)?
-2
Evaluate 3 - (-1 - (-11 + 2)).
-5
-2 + 2 + 5 - 7
-2
What is -13 - -12 - (0 - 1)?
0
What is -5 - (-1 + -10 - -13)?
-7
Calculate -1 + (1 - -2) + (-107 - -102).
-3
-1 + -5 + 8 + -7
-5
Calculate -8 - -5 - (-6 - -2).
1
Evaluate 2 - (2 + 1 - 3).
2
Evaluate 0 - (-7 - -7) - (2 + -2).
0
Evaluate (4 - ((1 - 4) + 7)) + 2.
2
5 - (8 - (5 + -1))
1
Evaluate -1 + -3 - 0 - -5 - 3.
-2
What is the value of 2 + -5 + (1 - -8)?
6
What is (10 - 4) + -4 + -6?
-4
(6 - 5) + -6 - (-2 + 0)
-3
Evaluate -1 + (0 - 2 - 2).
-5
What is ((-1 - 4) + -5 - 1) + 4?
-7
7 + -4 + -4 + 6
5
1 + -1 - (86 - 80)
-6
Evaluate 8 + -2 + (8 - (10 - -4)).
0
1 + 2 + 4 + -3 - 7
-3
What is -4 - (-4 + -11 + 13)?
-2
What is the value of 0 + 3 - (-2 + -2 - -4)?
3
What is the value of (-2 - (0 + 3)) + (-58 - -71)?
8
Calculate -4 + 10 - 2 - (13 + -7).
-2
Evaluate (-14 + 6 + 2 - -16) + -8.
2
What is the value of 0 - (-4 + 1 + 1 + 1)?
1
Calculate 3 + (1 - 5) + -5 + 11.
5
Calculate 6 + -3 + -5 + 9 - 1.
6
Evaluate 4 - ((0 - -5) + 1) - -5.
3
Evaluate -4 - (4 - (12 - 2) - -1).
1
What is the value of 6 - 2 - 6 - (2 + 0)?
-4
What is 6 + -1 + (-1 - 4 - -4)?
4
What is the value of (-2 - 0 - -3) + 13 + -20?
-6
What is -9 - -22 - 4 - 1?
8
What is the value of -4 + (1 + -5 - -3)?
-5
Calculate -3 - 8 - (7 + -25).
7
Calculate 21 - 26 - (0 - 4).
-1
(2 - 2) + 0 - (13 + -10)
-3
What is the value of 1 + (4 - (5 + -2) - 4)?
-2
-2 - (7 + -3 - 3 - -1)
-4
Evaluate 14 + 0 + -9 + 12 + -8.
9
What is the value of (8 + -1 - 15) + 4?
-4
Calculate (-12 - -15 - (0 + 0)) + -6.
-3
What is 0 + (-4 - -10 - (7 - 3))?
2
Calculate 1 + 7 + -1 + -9.
-2
Calculate -3 + 12 + -14 + 9.
4
What is 3 - 6 - (-2 + 1)?
-2
What is the value of 9 - (5 + 3) - 1 - -2?
2
21 + -25 + 0 + -4 + 6
-2
Calculate 91 - 94 - (6 + 1 + -2).
-8
Calculate (0 - (0 - 4 - -3)) + 0.
1
What is 2 - -2 - (-3 + 1 + 6)?
0
Evaluate 42 + -37 + (-1 - 8) + 3.
-1
What is the value of 0 + 7 + -4 + -1?
2
1 + -5 - (16 - 22)
2
(5 - 0) + 10 + -16
-1
Evaluate 8 + -20 + 12 + -6 + 1.
-5
What is 11 - 11 - (1 + (-7 - 3))?
9
Evaluate 8 + 1 + -4 + -1.
4
What is -6 - ((-8 - 0) + -2)?
4
(-63 - -65) + (1 - (-3 + 1))
5
2 - (0 - (0 - 4))
-2
Calculate -2 + -1 + -2 + 5 + -2.
-2
What is 2 - (0 +